ctors of 148987?
383, 389
What are the prime factors of 498?
2, 3, 83
What are the prime factors of 109908?
2, 3, 43, 71
List the prime factors of 1066.
2, 13, 41
What are the prime factors of 2467?
2467
List the prime factors of 10573.
97, 109
What are the prime factors of 39954?
2, 3, 6659
List the prime factors of 15688.
2, 37, 53
List the prime factors of 2876.
2, 719
List the prime factors of 69709.
69709
List the prime factors of 2264.
2, 283
What are the prime factors of 171618?
2, 3, 28603
List the prime factors of 74.
2, 37
What are the prime factors of 5207?
41, 127
List the prime factors of 36090.
2, 3, 5, 401
What are the prime factors of 1238?
2, 619
What are the prime factors of 420?
2, 3, 5, 7
List the prime factors of 21041.
53, 397
What are the prime factors of 1843?
19, 97
List the prime factors of 437.
19, 23
What are the prime factors of 205?
5, 41
List the prime factors of 1106.
2, 7, 79
List the prime factors of 4260.
2, 3, 5, 71
What are the prime factors of 10471?
37, 283
List the prime factors of 767.
13, 59
List the prime factors of 15310.
2, 5, 1531
What are the prime factors of 11867?
11867
List the prime factors of 4463.
4463
List the prime factors of 8643.
3, 43, 67
List the prime factors of 102383.
43, 2381
List the prime factors of 5839.
5839
List the prime factors of 5060.
2, 5, 11, 23
List the prime factors of 4037.
11, 367
List the prime factors of 38502.
2, 3, 23, 31
List the prime factors of 985.
5, 197
List the prime factors of 1677.
3, 13, 43
List the prime factors of 2913.
3, 971
List the prime factors of 216.
2, 3
What are the prime factors of 6239?
17, 367
List the prime factors of 1034.
2, 11, 47
List the prime factors of 143265.
3, 5, 9551
List the prime factors of 770.
2, 5, 7, 11
What are the prime factors of 5851?
5851
What are the prime factors of 1010?
2, 5, 101
What are the prime factors of 5489?
11, 499
List the prime factors of 4815.
3, 5, 107
What are the prime factors of 1227?
3, 409
List the prime factors of 50322.
2, 3, 8387
List the prime factors of 2578.
2, 1289
What are the prime factors of 2429?
7, 347
What are the prime factors of 11476?
2, 19, 151
What are the prime factors of 1942?
2, 971
List the prime factors of 685.
5, 137
What are the prime factors of 1772?
2, 443
List the prime factors of 38272.
2, 13, 23
List the prime factors of 673.
673
What are the prime factors of 51484?
2, 61, 211
What are the prime factors of 2106?
2, 3, 13
What are the prime factors of 94988?
2, 23747
What are the prime factors of 24411?
3, 79, 103
What are the prime factors of 33644?
2, 13, 647
List the prime factors of 49509.
3, 5501
What are the prime factors of 86716?
2, 7, 19, 163
What are the prime factors of 49239?
3, 5471
List the prime factors of 400.
2, 5
List the prime factors of 1038.
2, 3, 173
List the prime factors of 15085.
5, 7, 431
What are the prime factors of 14769?
3, 547
List the prime factors of 1455.
3, 5, 97
List the prime factors of 2229.
3, 743
What are the prime factors of 885?
3, 5, 59
List the prime factors of 6185.
5, 1237
List the prime factors of 1607.
1607
What are the prime factors of 5576?
2, 17, 41
List the prime factors of 16384.
2
List the prime factors of 1640.
2, 5, 41
What are the prime factors of 9014?
2, 4507
What are the prime factors of 1563?
3, 521
List the prime factors of 854.
2, 7, 61
List the prime factors of 15258.
2, 3, 2543
What are the prime factors of 1219?
23, 53
List the prime factors of 9856.
2, 7, 11
What are the prime factors of 32925?
3, 5, 439
What are the prime factors of 46130?
2, 5, 7, 659
What are the prime factors of 525?
3, 5, 7
What are the prime factors of 5728?
2, 179
What are the prime factors of 2605?
5, 521
List the prime factors of 563.
563
What are the prime factors of 2120?
2, 5, 53
List the prime factors of 2195.
5, 439
What are the prime factors of 6873?
3, 29, 79
List the prime factors of 1300.
2, 5, 13
List the prime factors of 939.
3, 313
What are the prime factors of 8148?
2, 3, 7, 97
List the prime factors of 12113.
12113
List the prime factors of 108022.
2, 54011
What are the prime factors of 86313?
3, 28771
List the prime factors of 25252.
2, 59, 107
List the prime factors of 13885.
5, 2777
What are the prime factors of 102794?
2, 103, 499
List the prime factors of 455.
5, 7, 13
What are the prime factors of 1568?
2, 7
List the prime factors of 257.
257
List the prime factors of 3239.
41, 79
List the prime factors of 8064.
2, 3, 7
What are the prime factors of 107?
107
List the prime factors of 1698.
2, 3, 283
List the prime factors of 3870.
2, 3, 5, 43
What are the prime factors of 78569?
78569
List the prime factors of 42688.
2, 23, 29
List the prime factors of 19158.
2, 3, 31, 103
List the prime factors of 30498.
2, 3, 13, 17, 23
What are the prime factors of 358?
2, 179
List the prime factors of 37216.
2, 1163
List the prime factors of 3327.
3, 1109
List the prime factors of 152.
2, 19
What are the prime factors of 2076?
2, 3, 173
What are the prime factors of 8405?
5, 41
List the prime factors of 1927.
41, 47
List the prime factors of 12364.
2, 11, 281
List the prime factors of 987.
3, 7, 47
List the prime factors of 387.
3, 43
List the prime factors of 292.
2, 73
What are the prime factors of 933?
3, 311
List the prime factors of 71247.
3, 11, 17, 127
List the prime factors of 9112.
2, 17, 67
List the prime factors of 32055.
3, 5, 2137
What are the prime factors of 34228?
2, 43, 199
List the prime factors of 6133.
6133
What are the prime factors of 3893?
17, 229
What are the prime factors of 4682?
2, 2341
List the prime factors of 50075.
5, 2003
What are the prime factors of 2610?
2, 3, 5, 29
List the prime factors of 10272.
2, 3, 107
List the prime factors of 80164.
2, 7, 409
List the prime factors of 6911.
6911
List the prime factors of 981.
3, 109
What are the prime factors of 4526?
2, 31, 73
What are the prime factors of 120676?
2, 30169
What are the prime factors of 1815?
3, 5, 11
What are the prime factors of 2407?
29, 83
What are the prime factors of 21478?
2, 10739
List the prime factors of 35840.
2, 5, 7
What are the prime factors of 136602?
2, 3, 7589
List the prime factors of 553.
7, 79
What are the prime factors of 149633?
11, 61, 223
What are the prime factors of 51290?
2, 5, 23, 223
List the prime factors of 2081.
2081
List the prime factors of 4896.
2, 3, 17
List the prime factors of 764.
2, 191
What are the prime factors of 218?
2, 109
List the prime factors of 946.
2, 11, 43
List the prime factors of 2305.
5, 461
What are the prime factors of 1566?
2, 3, 29
List the prime factors of 586.
2, 293
List the prime factors of 34250.
2, 5, 137
What are the prime factors of 916?
2, 229
What are the prime factors of 11789?
11789
List the prime factors of 20230.
2, 5, 7, 17
What are the prime factors of 22545?
3, 5, 167
List the prime factors of 4921.
7, 19, 37
List the prime factors of 27872.
2, 13, 67
What are the prime factors of 678?
2, 3, 113
What are the prime factors of 22025?
5, 881
What are the prime factors of 26159?
7, 37, 101
What are the prime factors of 31517?
31517
What are the prime factors of 2604?
2, 3, 7, 31
What are the prime factors of 6526?
2, 13, 251
List the prime factors of 22000.
2, 5, 11
List the prime factors of 4409.
4409
List the prime factors of 41.
41
What are the prime factors of 6049?
23, 263
List the prime factors of 633.
3, 211
List the prime factors of 878.
2, 439
What are the prime factors of 7508?
2, 1877
List the prime factors of 6662.
2, 3331
What are the prime factors of 3151?
23, 137
List the prime factors of 34474.
2, 11, 1567
List the prime factors of 5617.
41, 137
List the prime factors of 44441.
19, 2339
List the prime factors of 98729.
98729
List the prime factors of 1227.
3, 409
List the prime factors of 44319.
3, 11, 17, 79
List the prime factors of 16273.
16273
List the prime factors of 677.
677
List the prime factors of 27760.
2, 5, 347
What are the prime factors of 5419?
5419
What are the prime factors of 53145?
3, 5, 1181
List the prime factors of 2672.
2, 167
List the prime factors of 24678.
2, 3, 457
What are the prime factors of 186694?
2, 17, 19
What are the prime factors of 11823?
3, 7, 563
List the prime factors of 648.
2, 3
What are the pri